 + 2*x + 3*q, -x - 5*q = 0. Suppose 5*j - 109 - 161 = x. What is the highest common factor of s and j?
27
Suppose -18 = -3*w, -2*i - 13*w = -11*w - 240. Calculate the highest common divisor of 966 and i.
6
Let i be 3/3*35/5. Let n(r) = -5*r - 10*r + 16 - r**2 - i*r + 7*r. Let o be n(-8). Calculate the highest common divisor of 9 and o.
9
Let u = -766 + 1317. Let a = 581 - u. Calculate the greatest common divisor of a and 165.
15
Let k(c) = -c**2 - 2. Let x(j) = 229*j**2 - 3*j + 10. Let p(l) = 4*k(l) + x(l). Let m be p(1). Calculate the highest common factor of m and 64.
32
Suppose 4*w = -2*c, -3*c = -4*w - 2*c + 12. Let v = 1536 + -1514. What is the highest common divisor of v and w?
2
Suppose 2059*d - 10176 = 2055*d. Calculate the greatest common factor of d and 72.
24
Let p(i) be the first derivative of i**3/3 + 12*i**2 + 170*i + 213. Let f be p(-10). What is the greatest common factor of f and 12?
6
Let d(m) = -2 - 3*m + 14*m - 4*m + 9*m. Let r be d(2). Let j = 1653 + -1443. What is the highest common divisor of r and j?
30
Let a(i) = 250*i - 123. Suppose 5*n = 15*l - 11*l + 46, 0 = 3*n + l - 14. Let h be a(n). What is the highest common divisor of h and 81?
81
Let a be -3 - (-8)/(-4)*-2. Suppose 0 = x - a + 9. Let f be 12/x*100/(-15). What is the greatest common divisor of 160 and f?
10
Let p = 3 - 1. Suppose p + 7 = a. Let b = -106871 - -106880. What is the highest common divisor of b and a?
9
Let b(c) = 24*c**2 - 101*c + 30. Let x be b(4). What is the highest common divisor of x and 23890?
10
Let f = 115 - 104. Let y be ((-5)/3)/((-4)/(f - -1)). Suppose -3*z + y*x = -230, -2*z - x + 152 = -4*x. What is the highest common divisor of z and 10?
10
Let q = 715 + 944. Let s = -1047 + q. What is the greatest common divisor of 68 and s?
68
Let l = 1358 - 1351. Calculate the highest common factor of l and 387.
1
Let z be ((-6)/(-4))/((-6)/(-208)). Let d = -16594 - -16607. What is the highest common factor of d and z?
13
Let c be 2/(5/(-20) + 3/4). Let y(n) = 21*n + 96. Let u be y(c). Calculate the greatest common divisor of 240 and u.
60
Let u = 11743 - 11652. What is the highest common divisor of 3146 and u?
13
Suppose 2*h - 2*d = 2, -h + 3*h + 1 = 3*d. Let l = -19 - -21. Suppose 2*a + 26 = x - 2*a, 0 = 2*x - l*a - 22. Calculate the greatest common factor of h and x.
2
Let t(m) = -2*m**3 - 10*m**2 - 2*m + 8. Let x be t(-4). Suppose 35 + 3 = 2*v. Let u = x + v. What is the greatest common factor of u and 2?
1
Suppose 38*i + 108*i - 39*i - 18725 = 0. Calculate the highest common divisor of 455 and i.
35
Let z(t) = -t**3 - 2*t**2 + 16*t + 25. Let u be z(-5). What is the highest common factor of 9140 and u?
20
Let y = -54 + 39. Let k be (-6)/(-8) + y/24*-10. Calculate the greatest common factor of 4 and k.
1
Suppose 0 = 4*n + 2*l - 172, 4*n + 2*n - 5*l - 242 = 0. Let x = -14 - -16. Calculate the greatest common factor of n and x.
2
Let c be (0/2)/(-2) - 26*(-47 + 6). What is the greatest common factor of c and 164?
82
Let h(u) = u**3 - 5*u**2 + 9*u - 13. Let p = -611 - -615. Let r be h(p). What is the highest common divisor of r and 161?
7
Let b = 1426 - -355. Calculate the greatest common factor of 65 and b.
13
Suppose 2*y + 372 = 2*a, 4*a + 57*y = 53*y + 776. What is the greatest common factor of a and 160?
10
Let u(r) = -203*r - 496. Let x be u(-12). What is the greatest common factor of x and 40?
20
Suppose -2*d + 123 = 4*s - 299, -3*s = -d - 309. Let y be 7 + -11 + 1*-34*6/(-12). What is the greatest common factor of y and s?
13
Suppose 2*n - 63 = z - 152, -n - 418 = -5*z. Suppose 28 = -o + z. Let a = 195 - 173. Calculate the greatest common factor of o and a.
11
Let x = -1144 + 2880. What is the highest common divisor of 168 and x?
56
Let l be 27*((-7)/12 - 81/(-36)). Calculate the highest common factor of l and 45.
45
Suppose 18438 = 416*t + 5126. Suppose -2*h + 279 + 233 = 0. What is the highest common divisor of h and t?
32
Let c(v) = -38*v + 5135. Let u be c(-17). What is the highest common divisor of u and 861?
123
Let t(a) = 3*a**3 + 6*a**2 - 25*a + 8. Let j be t(9). What is the highest common divisor of j and 24?
8
Let z be 57/(1710/5460) - -3. Let l(b) = -13*b**2 - b. Let h be l(-1). Let a = 49 + h. What is the highest common factor of z and a?
37
Let a be (3/(-1))/(42/11746). Let m = a + 1279. Calculate the highest common factor of 20 and m.
20
Suppose -2*p - 41 = -39, p - 21 = -2*c. Let h = 56 + -92. Let n be h/24*(-22)/3. Calculate the highest common factor of c and n.
11
Let t be (0 + -2)/((-98)/147). Suppose -3*p - p + 3*z = -511, t*z - 9 = 0. Calculate the greatest common divisor of p and 20.
10
Let y be (-5090)/15*(-6)/4. Let z = y + -357. Suppose -z = -2*q + 64. What is the highest common divisor of 27 and q?
27
Let u = -4 + 51. Suppose 0 = 50*t - u*t - 36. Calculate the highest common factor of t and 4.
4
Let w = -35 - -37. Suppose -b = -w*b + 292. Let z = -178 + b. Calculate the greatest common divisor of 76 and z.
38
Let c(j) = -420*j**3 + 3*j**2 + 3*j - 6. Let m be c(2). Let l be (6/(-8))/((14 + -5)/m). What is the highest common divisor of l and 62?
31
Suppose -97 = 6*f - 127. Let q(d) = -2*d**2 + 8*d + 12. Let g be q(f). What is the highest common divisor of 18 and g?
2
Suppose 17 = 8*f - 2279. Let l = 189 - 182. What is the highest common divisor of f and l?
7
Let j = 362 - 238. Let h = 216 + j. Calculate the highest common divisor of 20 and h.
20
Let t = 3005 - 1935. Calculate the highest common divisor of t and 70.
10
Suppose 538*s + 11209 = 209731. What is the highest common factor of s and 41?
41
Let z(w) = -11*w - 7. Let q(i) = i**2 - 56*i - 36. Let h(t) = -2*q(t) + 11*z(t). Let l be h(-5). Let b = 18 + l. What is the highest common factor of 40 and b?
8
Let d(t) = -90*t**2 + 482*t - 10. Let g be d(5). What is the greatest common factor of g and 9060?
30
Let y be (-12)/(-66) + (-84)/(-22). Suppose 0 = 5*i - 5*g - 445, y*g + 45 = 3*i - 221. Calculate the greatest common divisor of 108 and i.
18
Let k be 5/2*(-30)/(-25). Suppose 5*j - 4*z = 27, 5*j + z - k*z = 21. Let b = -143 - -158. Calculate the highest common factor of j and b.
3
Suppose -30*v = -35*v - 60. Let n be -55*(v/(-10) + -2) + 2. Calculate the greatest common divisor of n and 69.
23
Let f be (-1)/2*(-5 - (5 + 38)). Let h = 101 - 45. Calculate the greatest common factor of h and f.
8
Let h = -5361 + 5367. What is the highest common divisor of h and 525?
3
Let x be 16/((-1)/(4/1)). Let i(n) = -78*n - 790. Let c be i(-9). Let y = x - c. What is the greatest common factor of y and 24?
24
Suppose 9 = -3*m, 4*m + 353 = 3*u - 214. What is the highest common divisor of 74 and u?
37
Let g(l) = -250*l - 1745. Let c be g(-7). What is the greatest common factor of c and 2715?
5
Let j(u) = 9*u + 22*u - u**2 + 20*u - 12 - 36*u. Let f be j(11). What is the highest common divisor of f and 8?
8
Let v(g) = g**2 + 28*g + 215. Let j be v(-13). What is the highest common divisor of j and 350?
10
Suppose -i + 8*i - 777 = 0. Let v = -1 + i. Calculate the highest common divisor of 20 and v.
10
Suppose -89 = -17*x + 79 - 66. What is the highest common factor of 21 and x?
3
Let o(p) = -4*p**2 - 36*p + 420. Let u be o(6). Calculate the greatest common factor of u and 948.
12
Let i be (-5)/((-50)/(-110))*2*-97. Calculate the greatest common divisor of i and 264.
22
Suppose -15*j = -34 + 4. Let d be j + (-5 + 4)*-1. Suppose -4*c - 3 = -7*c - 2*z, 2*c - d = -z. Calculate the highest common factor of c and 27.
3
Let m be 43/(4*7/(-140))*32/(-10). Calculate the highest common factor of m and 96.
16
Suppose -5*n = -4*n - 198. Let y(q) = 2*q + 3. Let x be y(12). Suppose -o + k + x = -4*k, 4*o - 4*k = 92. Calculate the greatest common factor of o and n.
22
Suppose 0 = -54*k + 53*k + 21. Suppose -6*l + 8 = a - 2*l, l = 5*a + 2. Suppose -6*u + 3*u + 126 = a. Calculate the greatest common divisor of k and u.
21
Suppose t - 20 = -3*c + 6*t, 5*c - 5*t - 30 = 0. Suppose 2*f - 115 = -c*k, -f + 11*k - 7*k = -51. What is the highest common factor of 5 and f?
5
Let x be -1 - (-170 - (-3)/3). Let w be (2/4 - 0)/((-3)/x). Let m = 47 + w. What is the greatest common divisor of 209 and m?
19
Let d = -560 + 776. Calculate the highest common divisor of d and 378.
54
Let s be ((-3 - 1)/(-32)*4)/(14/